 -v*z. What is the remainder when s is divided by 3?
0
Let p(h) = -h**2 - 9*h - 16. Let w be p(-7). Let b = w + 5. What is the remainder when 4/b*816/32 is divided by 6?
4
Suppose 2*i - 3*i + 14 = 0. Let j = i - -3. What is the remainder when 48 is divided by j?
14
Let r(n) = n**2 + 19*n + 7. Let z be r(-15). Let v = z + 171. What is the remainder when v is divided by 30?
28
Suppose 4*c + 3*a - 53 = 0, -3*c + 2*a + 2*a = -21. Let k(j) = -j**3 - 3*j**2 - 2*j - 5. What is the remainder when k(-4) is divided by c?
8
Suppose -216 = -4*m - 5*n, -2*m - 2*n = -4*n - 90. Calculate the remainder when m is divided by (-1)/2 + (-18)/(-4).
1
Suppose 0 = -a + 51 - 248. Let z = -91 - a. Calculate the remainder when z is divided by 36.
34
Calculate the remainder when (3/(-2))/(((-108)/640)/9) is divided by 43.
37
Suppose -w + 38 = 2*i, 0 = 4*i + 2*w - 6*w - 52. Calculate the remainder when 101 is divided by i.
16
Let b(n) = n**3 + 20*n**2 + 13*n - 9. What is the remainder when b(-19) is divided by 28?
21
Suppose 0 = -8*r + 210 + 54. Let t = r + -31. Suppose 0 = 4*f + q + 4*q - 228, -164 = -3*f - t*q. What is the remainder when f is divided by 18?
16
Let n(d) = 4*d**3 - 15*d**2 - d + 6. Calculate the remainder when 42 is divided by n(4).
6
Suppose 292 = 3*k - j, -2*k + j + 230 = 35. Calculate the remainder when 384 is divided by k.
93
Let x(i) = 2*i**3 - 6*i**2 + i + 3. Let r be x(4). Let o = r + -21. Suppose -m + o = 2*m. What is the remainder when m is divided by 3?
0
Suppose 59*t - 16297 = 16743. What is the remainder when t is divided by 12?
8
Let q be 1 - (6/(-3) - -3). Let g(o) = -2*o + 5. Suppose -22 = -4*f + 54. Calculate the remainder when f is divided by g(q).
4
Suppose -5 = 4*c - 1. What is the remainder when (c/(-2))/(3/348) is divided by (12/(-9) - -1)/(1/(-45))?
13
Let h(o) = -o**3 + 12*o**2 - 3*o - 33. Calculate the remainder when 207 is divided by h(11).
42
Let x be (0 - 66)/(-2 + 1). Let o = x + -22. What is the remainder when 171 is divided by o?
39
Suppose 0 = 14*o - 193 - 157. What is the remainder when 90 is divided by o?
15
Calculate the remainder when 130 - (0 - (11 - 9)) is divided by 68.
64
Suppose -2*u - 7 = 3, -3*w + u + 47 = 0. Suppose 114 = w*c - 11*c. Calculate the remainder when 112 is divided by c.
36
Let l(d) = 96*d**2 + 2*d + 5. What is the remainder when l(2) is divided by 16?
9
Suppose 0 = 254*p - 259*p - 3*g + 104, 3*g = -2*p + 47. Calculate the remainder when 43 is divided by p.
5
Suppose -2*f + 101 = 5*p - 2*p, 77 = 3*p - 4*f. Calculate the remainder when -2 + 0/(-3) + p is divided by 11.
7
Suppose -5*a + 67 - 7 = 0. Suppose 0 = -5*w + 19 + 6. Suppose 3*z - w*n - 21 = 15, 29 = 5*z + 2*n. Calculate the remainder when a is divided by z.
5
Let t be (27/15)/(-3)*(4 - 14). Suppose 4*j - t*j + 32 = 0. What is the remainder when j is divided by 5?
1
Let f(h) = -4*h - 1. Let x be f(-9). Suppose -b + 2*m = -8, -4*b + 0*b + 5*m = -x. Calculate the remainder when ((-6)/(-4))/((-3)/(-54)) is divided by b.
7
Suppose -118 = -7*g + 239. What is the remainder when 458 is divided by g?
50
Let v = 333 - 279. What is the remainder when v is divided by 42?
12
Suppose n = -4*n + 25. Let s = 330 - 323. What is the remainder when s is divided by n?
2
Let u(k) = -40*k + 14. Calculate the remainder when u(-6) is divided by 17.
16
Let d = 30 + -15. Let l(q) = 2*q - 6. Let i be l(5). Let a = d - i. Calculate the remainder when 43 is divided by a.
10
Suppose 4*r + 140 = -5*a, 2*a - 4*r + 38 = -2*r. Calculate the remainder when 10 is divided by 4/(-24) + (-100)/a.
2
Calculate the remainder when 94 is divided by 1*(-3 + 14 - 4).
3
Suppose 5*n + 20 = 0, 3*z - n - 87 = 271. Let c = 233 - z. What is the remainder when c is divided by 29?
28
Calculate the remainder when 2*78/8*(-6160)/(-168) is divided by 40.
35
What is the remainder when (-1)/6 - 2410/(-60) is divided by 19?
2
Suppose 4*w - 32 = -0. Suppose -170 = -2*j - w*j. What is the remainder when j is divided by 5?
2
Let d be (-2)/(1 - -1 - 0). Calculate the remainder when 91 is divided by 5*(-6)/(-90)*(137 - d).
45
Suppose 0 = 4*n - 3*c + 6*c - 653, 655 = 4*n + c. What is the remainder when n is divided by 42?
38
Suppose 0 = 5*c - 0*g - 3*g - 27, -4*c + 20 = -2*g. What is the remainder when 39 is divided by c + ((-2)/4)/(3/(-30))?
7
Suppose 34*v + 56 = 41*v. Let i = 15 - -22. What is the remainder when i is divided by v?
5
Calculate the remainder when (-12)/2*969/(-34) is divided by 51.
18
Let p(l) = l**2 + 7*l + 4. Suppose h = 53 + 47. What is the remainder when p(-7) is divided by h/30 - (-1)/(-3)?
1
Let a(r) be the third derivative of -r**3/6 - 3*r**2. Let d(o) = o - 8. Let b(z) = -18*a(z) + 2*d(z). What is the remainder when b(4) is divided by 3?
1
Suppose 0 = 3*b - k + 2*k - 23, -2*b - 4*k = -12. Suppose 35 = -y + b*y. What is the remainder when 29 is divided by y?
4
Let m(q) = q**3 + 11*q**2 - 3*q + 6. Suppose 2*l + 662 = 5*t, 2*t + 2*t = -4*l + 552. Suppose 8*z + t = 46. Calculate the remainder when m(z) is divided by 14.
11
Let t = -82 - -143. Suppose 4*f + 4*w - 5*w = 137, t = 2*f - 3*w. What is the remainder when f is divided by 12?
11
Let r be -5*15/(-25) - -105. Suppose 0 = o + m - r, 0 = -4*o + 4*m + 11 + 397. Calculate the remainder when o is divided by 27.
24
Let p = 44 - 14. Let s = 48 - p. What is the remainder when s is divided by 10?
8
Suppose 24 - 232 = -8*z. What is the remainder when 29 is divided by z?
3
Let x = 2216 - 2156. What is the remainder when 119 is divided by x?
59
Let c(f) = -15*f - 4. Let d be c(-2). Suppose u - 4*n - d = 0, u + 10 = 2*n + 34. Calculate the remainder when 85 is divided by u.
19
Let j be 1/(-4 - (-19)/5). Suppose -4 - 6 = 5*a. What is the remainder when j*11*a/10 is divided by 3?
2
Suppose 2*n = 5*n - 27. Let l(m) = m**2 + 16*m - 48. Calculate the remainder when l(-20) is divided by n.
5
Suppose 34 - 16 = k. What is the remainder when 154 is divided by 0 + 56 + k/3 + -10?
50
Suppose 4*f = -5*v - 13, 4*f + 3*v - v - 2 = 0. Suppose -2*h + s = -110, f*h = -2*s + 17 + 134. What is the remainder when 263 is divided by h?
51
Let p = 33 - 10. Let l = p + -8. Suppose 7*i = 10*i - l. What is the remainder when 7 is divided by i?
2
Let z = -45 - -48. Suppose 0 = -6*w - z + 33. What is the remainder when 12 is divided by w?
2
Let x(v) = v**3 - 25*v**2 - 32*v + 174. What is the remainder when 70 is divided by x(26)?
16
Suppose -2*y + 4*y = 8. Let z(h) = -6*h**2 - y*h - 3*h - 10 + 8*h**2. What is the remainder when z(7) is divided by 10?
9
Suppose -60 + 372 = 8*z. Calculate the remainder when 269 is divided by z.
35
Let w(f) = -2*f + 4. Suppose 3*m - 16 = -m. Suppose -m*g + 70 = 3*y, -g = -2*y + 4*y - 15. Calculate the remainder when g is divided by w(-3).
9
Calculate the remainder when (111/(-6))/((3 + -8)/90) is divided by 24.
21
Suppose -15*v = -19*v + 12. Suppose -v*f = -s - 267, -5*s = -5*f + 4*f + 103. What is the remainder when f is divided by 15?
13
Let l(z) = z**3 + 7*z**2 + 6*z - 3. Suppose 11*w - 10 = 67. What is the remainder when l(-5) is divided by w?
3
Let h = 143 + -144. What is the remainder when 5*h + -1 + 12 is divided by 6?
0
Suppose -985*d + 1276 = -963*d. What is the remainder when 1040 is divided by d?
54
Suppose 3*k = -5*u - 11, -4*k = u - 2 - 6. Suppose 43 + 26 = k*o. What is the remainder when 136 is divided by o?
21
Suppose 0 = 5*l - n + 107, -4*l - n - 95 = -4. Let t = -16 - l. Suppose -2*v + v = -21. What is the remainder when v is divided by t?
3
Suppose -5*x + 52 = -3*y - 21, 2*y + 2 = 0. Let l(o) = 9*o + 30. Calculate the remainder when l(4) is divided by x.
10
Suppose 0 = -50*g + 1416 + 2034. Let k(d) = -6*d - 1. What is the remainder when g is divided by k(-6)?
34
Let o = 25 - 24. Let j = o - -18. Calculate the remainder when 53 is divided by j.
15
Let s(l) = l**3 + 14 - 13 - 10*l**2 + 10*l - 5. Let a be s(9). Suppose 159 = -2*r + a*r. Calculate the remainder when r is divided by 18.
17
Calculate the remainder when 380653/1365 + (-2)/(-15) is divided by 19.
13
Suppose -2*r = 2*n - 296, 35*r - 37*r - 604 = -4*n. What is the remainder when n is divided by 15?
0
Suppose 0 = 19*t - 296 - 312. What is the remainder when 93 is divided by t?
29
Let n(f) = f**3 + 10*f**2 + 17*f + 34. Calculate the remainder when 223 is divided b